 9. Suppose 0 = -4*b + 612 - u. What is the hundreds digit of (-1)/((-436)/b - -3)?
1
Suppose -k - 4*k = -60. Suppose 7*q - k = 3*q. What is the units digit of (-3)/(9/(27/(-10)) + q)?
9
Suppose -24 = -4*y - 0*y. Suppose y*o = 8*o + 48. What is the tens digit of (36/16)/(((-7)/o)/7)?
5
Let x = -206 + 210. Suppose 2*c + 2*j = 414, 4*j - 823 = -x*c + j. What is the tens digit of c?
0
Let m = -177 - -135. What is the hundreds digit of (204/(-8))/(m/1316)?
7
Suppose 23*d - 1172047 = -387862. What is the thousands digit of d?
4
Suppose -213868 = 118*z - 349542 - 319806. What is the hundreds digit of z?
8
Suppose 61*x - 56*x = -4*y + 173319, -5*y + 216636 = 2*x. What is the units digit of y/198 - 8/(-44)?
9
Suppose -3*u - 2*u + 66 = -2*m, 4*m + 12 = 0. Suppose -6*n - u = 24. What is the tens digit of (117/(-27))/(2/n)?
1
Let h be (-154)/30 + 1/(30/4). What is the units digit of 1*(210 + 6 + h)?
1
Let c = -5694 - -11097. What is the thousands digit of c?
5
Let p = 13610 + 4040. What is the thousands digit of p?
7
Let c = 9232 + 12751. What is the tens digit of c?
8
What is the units digit of 7/((-35)/(-27060))*(-966)/(-168)?
9
Suppose -1072921 - 207239 = -35*w - 5*w. What is the thousands digit of w?
2
Suppose 5*m = -3*l - 48 - 204, -2*m + 3*l - 105 = 0. Suppose -4*j = 103 + 305. Let z = m - j. What is the tens digit of z?
5
Suppose 14 = 3*w + 5. Let b(s) = 17 + w*s - 10 + 5 + 13. What is the units digit of b(9)?
2
Let b(d) = -25*d - 66. Let t(x) = 52*x + 130. Let i(y) = -5*b(y) - 3*t(y). What is the units digit of i(-15)?
5
Suppose 233 + 383 = 4*o. Suppose -4*m - 3*w = -27, 4*m + 0*m + 3 = 3*w. Suppose -2*f - o = -4*d, -2*d - 5*f = m*d - 230. What is the units digit of d?
1
Let s(y) = -533*y**3 + 18*y**2 + 70*y + 2. What is the thousands digit of s(-3)?
4
Let h be (-6)/4 + (-52)/(-48)*498. Let i = 831 - h. What is the hundreds digit of i?
2
Suppose -168 = 2*v + 5*c - 487, 812 = 5*v - 2*c. Suppose -2*n - 136 = -v. Suppose 1309 = -6*w + n*w. What is the tens digit of w?
8
Let p(s) = 4*s**2 + s + 5. Let m(y) = -17*y**2 - 4*y - 21. Suppose 0 = -2*b - 131 + 143. Let f(l) = b*m(l) + 26*p(l). What is the tens digit of f(-5)?
4
Suppose 4*m - 26 - 2 = -4*s, 3*m + 5*s - 21 = 0. Suppose 0 = -2*o + 4*i + 2804, -3*i - 1403 = 6*o - m*o. What is the tens digit of o?
0
Let j = 2988 - 2962. What is the tens digit of j?
2
Let y = -4197 + 8710. What is the thousands digit of y?
4
Suppose -8*d + 2*r = -291171 - 27873, -3*r + 199428 = 5*d. What is the units digit of d?
2
Suppose -3*h = -4*f - 126551, h = 52*f - 51*f + 42185. What is the tens digit of h?
8
Let q = 15978 - -220. What is the tens digit of q?
9
Suppose 5*r - 364683 = -60*r + 367412. What is the ten thousands digit of r?
1
Suppose -3*n + 0*n = -3*i + 6, 4 = i. Suppose -33 - 17 = -n*p. Let q = 33 - p. What is the units digit of q?
8
Let u be (-6)/14 - ((-34)/(-7))/(-2). Suppose 0 = 4*t - 4*h - 12, -u*t + 10 = 2*h - 0. Suppose t*q = 48 + 268. What is the tens digit of q?
7
Let i = 8513 + -451. What is the tens digit of i?
6
What is the tens digit of (3 + -2)/(61/16043)?
6
Suppose -57*a - 102*a + 5531928 = 0. What is the units digit of a?
2
Let b = -273 - -472. Suppose -y + 0*w = 3*w - b, 0 = y + 5*w - 203. What is the tens digit of y?
9
Suppose 3 = y + 2*t, 12 = 15*y - 14*y + 5*t. What is the units digit of (-4)/(y/((-1500)/(-8)))?
0
Suppose p - 3663 = -390. Suppose 12*w = 10*w + i + 2194, 3*w + 3*i - p = 0. What is the units digit of w?
5
Suppose -1976 = -4*a + 4*v, 2*a + 494 = 3*a - 5*v. What is the units digit of a?
4
Suppose -616 = -5*v - 3*v. Suppose -2*a - 175 = -p, p = a - 3*p + v. Let x = 106 + a. What is the tens digit of x?
1
Let u(r) = 518*r + 2265. What is the tens digit of u(12)?
8
Suppose -5*t = -5*f + 47345, -32*f - 3*t + 28419 = -29*f. What is the tens digit of f?
7
Let s = -21 - 9. Let q = -34 - s. Let t(b) = -27*b - 6. What is the units digit of t(q)?
2
Let w be (-2 - (-7 - -4))/((-8)/(-64)). Suppose -4*m + 1748 = 4*y, w = -14*y + 10*y. What is the tens digit of m?
3
Suppose 4*i = 2 + 34. Suppose -3*b = -i - 3. Suppose 5*w + 61 = b*u - 151, 0 = -4*u - w + 236. What is the tens digit of u?
5
Let n(p) = 414*p**2 - 281*p + 6. What is the thousands digit of n(7)?
8
Let c be (-1)/((-3)/9)*1. Let s(t) = -2*t + 64. Let g be s(19). Suppose g = -c*n + 272. What is the units digit of n?
2
Let k(w) be the second derivative of 0 + 7*w + 18*w**2 + 1/6*w**3. What is the units digit of k(-23)?
3
Suppose 668 = y - 2*a, -47*y = -43*y + 3*a - 2650. Suppose -i = 4*v - 0*v - 227, -5*v = -3*i + y. What is the units digit of i?
3
Suppose -132*d + 7140418 - 999485 + 3223147 = 0. What is the ten thousands digit of d?
7
Suppose -t + 74*n - 71*n = -8324, -4*t - 5*n = -33398. What is the hundreds digit of t?
3
Let i(t) = -t**2 + 4*t + 31. Let l be 0/(1/(4 + 7/(-2))). What is the units digit of i(l)?
1
Let t(y) = -6*y**2 + 4*y - 201. Let d(f) = 4*f - 12. Let n be d(2). Let r(q) = 7*q**2 - 5*q + 202. Let s(g) = n*r(g) - 5*t(g). What is the units digit of s(0)?
7
Let s = 2839 + 3241. What is the units digit of s?
0
Let p = 9112 - 5037. What is the thousands digit of p?
4
Let c(h) = 3*h**2 - 6*h + 39. Let m be c(-10). Let b = -240 + m. What is the hundreds digit of b?
1
Suppose -6*s - 38*s + 616 = 0. Suppose s*a + 5*t = 9*a + 5910, -3538 = -3*a - t. What is the hundreds digit of a?
1
What is the hundreds digit of -4 - -302*((-840)/(-48) - (-2)/(-4))?
1
Let k(y) = y**2 - 47. Let q be k(7). Suppose -2391 = -q*x + 4*l - 3*l, 3*x + l = 3589. What is the hundreds digit of x?
1
Let n be 0*(3 + (-14)/5). Suppose n*y - 12 = 3*y, -o - y = -336. What is the tens digit of o?
4
Suppose 2944*u + 644175 = 2979*u. What is the ten thousands digit of u?
1
Suppose -3*x = -2*x + 6*m - 1602, x = 4*m + 1632. What is the units digit of x?
0
Suppose 290*s = -23*s + 14836513. What is the units digit of s?
1
Suppose -101*g + 8707923 = -375310. What is the tens digit of g?
3
Let z be -1*((0 - 1) + -492). Let j = 1062 + -818. Let x = z - j. What is the hundreds digit of x?
2
Let h(g) = 32*g**2 - 20*g + 59. What is the units digit of h(17)?
7
Let g(j) = j + 53. Let w be g(-46). Let d(s) be the second derivative of s**4/12 - s**3/6 - 3*s**2/2 - s. What is the tens digit of d(w)?
3
What is the ten thousands digit of 1218408/56 + 1/((-21)/6)?
2
Let s(p) be the second derivative of 7*p**5/10 - p**4/4 - p**3 + 6*p**2 - 4*p - 2. What is the tens digit of s(3)?
4
Suppose 12*s + 4*s - 331776 = -8*s. What is the units digit of s?
4
Suppose 2656*g - 77175 = 2641*g. What is the units digit of g?
5
Suppose -560*p + 5514 = -554*p. Let z = -497 + p. What is the hundreds digit of z?
4
What is the hundreds digit of (2 + -3)*(-45693 - 6)?
6
Let r be -5 + -5 + 7 + (-1 - -6). Suppose 2*q - r*o - 2*o = -424, 2*o - 428 = 2*q. What is the tens digit of (-4)/18 + (-21216)/q?
9
Let k(n) = n**2 - 21*n - 20. Let m be k(22). Suppose -m*j = -4*z + 178, 212 = -5*j - 5*z - 248. Let c = 184 + j. What is the units digit of c?
3
Let p = 237 + -234. Suppose 0 = z - 5*j - 7, -j - 1 = -p. What is the units digit of z?
7
Suppose s + 3 = b - 0*s, 0 = 3*b + 5*s - 25. Let a = -1930 + 2088. Suppose 2*i + a = 2*u + 2*u, b*i = -u + 23. What is the units digit of u?
8
Let r(z) = -24*z - 14. Suppose 10*s = 11*s + 5. Let k be r(s). Suppose w - k = -0. What is the tens digit of w?
0
Suppose b = -662 + 3739. Suppose -12*x + b + 2431 = 0. What is the tens digit of x?
5
Suppose 0 = -4*c + 228 + 56. Suppose -c*m - 5*v = -67*m - 2428, -4*v = -5*m + 2994. What is the units digit of m?
2
Suppose 15*g - 72286 - 9914 = 0. Suppose 150 = -10*t + g. What is the units digit of t?
3
Let k(r) be the first derivative of -16*r**2 + 297*r + 181. What is the units digit of k(-26)?
9
Suppose 0 = 7*j - 9 + 2. What is the tens digit of -9*(j - 189)*2/6?
6
Suppose -35*t - 1921 = -79*t + 27*t. What is the tens digit of t?
1
Let u be 284/14 - (-1 - 9/(-7)). Suppose 4*f - u = 16. What is the tens digit of 189/(-18)*(-48)/f?
5
Let h be -24*12/(-96)*(-1 + 2). Suppose -5*p = 3*k - 1633 - 859, h*p + 812 = k. What is the units digit of k?
4
Let d(m) = -m**2 - 11*m - 16. Let y be d(-10). What is the tens digit of y/(-2)*(402/18 - 7)?
4
Suppose -15 = -w - 4*w + 3*x, w = -5*x - 25. Suppose w = m - 3*m + 96. Suppose 42 + m = 